{"id":94,"date":"2014-09-29T17:05:32","date_gmt":"2014-09-29T15:05:32","guid":{"rendered":"http:\/\/luebbert-architekten.de\/?page_id=94"},"modified":"2015-07-12T21:12:19","modified_gmt":"2015-07-12T19:12:19","slug":"haus-am-meer","status":"publish","type":"page","link":"https:\/\/luebbert-architekten.de\/?page_id=94","title":{"rendered":"HAUS AM MEER"},"content":{"rendered":"<div id=\"content_div\">\n<table id=\"content_table\" border=\"0\" cellpadding=\"0\" cellspacing=\"0\">\n<tbody>\n<tr>\n<td id=\"content_td_txt\" valign=\"top\">\n<h2>HAUS AM MEER<\/h2>\n<p><small>Wyk auf F\u00f6hr \/ F\u00f6hr 2010<\/small><\/p>\n<div id=\"main_txt_div\">Entwurf eines Wohngeb\u00e4udes mit 5 Wohnungen und Dachterrasse unmittelbar an der Strandpromenade von Wyk auf F\u00f6hr mit Seeblick <\/p>\n<p>L\u00fcbbert Architekten<\/p>\n<div id=\"credits\">\n<table border=\"0\" cellpadding=\"0\" cellspacing=\"0\">\n<tbody>\n<tr>\n<td valign=\"top\">Mitarbeit \/&nbsp;<\/td>\n<td>Dipl.-Ing. Klaus L\u00fcbbert <br \/> Dipl.-Ing. Martin Brech<\/td>\n<\/tr>\n<\/tbody>\n<\/table>\n<\/div>\n<\/div>\n<\/td>\n<td id=\"content_td_img\" rowspan=\"2\"><img loading=\"lazy\" decoding=\"async\" id=\"big\" height=\"395\" width=\"667\" name=\"big\" alt=\"Haus am Meer\" src=\"images\/content_img\/haus_am_meer_01.jpg\" \/><\/td>\n<\/tr>\n<tr>\n<td style=\"border-width: 0px; margin: 0px; padding: 0px; text-align: right; vertical-align: bottom;\" valign=\"bottom\" align=\"right\"><img loading=\"lazy\" decoding=\"async\" onmouseover=\"MM_swapImage('big','','images\/content_img\/haus_am_meer_01.jpg',0)\" style=\"margin-top: 0px; margin-right: 10px; margin-bottom: 0px; margin-left: 10px;\" id=\"first\" height=\"30\" width=\"30\" name=\"first\" alt=\"haus_am_meer_01\" src=\"images\/content_img\/haus_am_meer_01.jpg\" \/><img loading=\"lazy\" decoding=\"async\" onmouseover=\"MM_swapImage('big','','images\/content_img\/haus_am_meer_02.jpg',0)\" style=\"margin-top: 0px; margin-right: 10px; margin-bottom: 0px; margin-left: 0px;\" id=\"second\" height=\"30\" width=\"30\" name=\"second\" alt=\"haus_am_meer_02\" src=\"images\/content_img\/haus_am_meer_02.jpg\" \/><img loading=\"lazy\" decoding=\"async\" onmouseover=\"MM_swapImage('big','','images\/content_img\/haus_am_meer_03.jpg',0)\" style=\"margin-top: 0px; margin-right: 10px; margin-bottom: 0px; margin-left: 0px;\" id=\"third\" height=\"30\" width=\"30\" name=\"third\" alt=\"haus_am_meer_03\" src=\"images\/content_img\/haus_am_meer_03.jpg\" \/><img loading=\"lazy\" decoding=\"async\" onmouseover=\"MM_swapImage('big','','images\/content_img\/haus_am_meer_04.jpg',0)\" style=\"margin-top: 0px; margin-right: 10px; margin-bottom: 0px; margin-left: 0px;\" id=\"fourth\" height=\"30\" width=\"30\" name=\"fourth\" alt=\"haus_am_meer_04\" src=\"images\/content_img\/haus_am_meer_04.jpg\" \/><img loading=\"lazy\" decoding=\"async\" onmouseover=\"MM_swapImage('big','','images\/content_img\/haus_am_meer_05.jpg',0)\" style=\"margin-top: 0px; margin-right: 10px; margin-bottom: 0px; margin-left: 0px;\" id=\"fourth\" height=\"30\" width=\"30\" name=\"fourth\" alt=\"haus_am_meer_05\" src=\"images\/content_img\/haus_am_meer_05.jpg\" \/><\/td>\n<\/tr>\n<\/tbody>\n<\/table>\n<\/div>\n","protected":false},"excerpt":{"rendered":"<p>HAUS AM MEER Wyk auf F\u00f6hr \/ F\u00f6hr 2010 Entwurf eines Wohngeb\u00e4udes mit 5 Wohnungen und Dachterrasse unmittelbar an der Strandpromenade von Wyk auf F\u00f6hr mit Seeblick L\u00fcbbert Architekten Mitarbeit \/&nbsp; Dipl.-Ing. Klaus L\u00fcbbert Dipl.-Ing. Martin Brech<\/p>\n","protected":false},"author":1,"featured_media":0,"parent":31,"menu_order":2,"comment_status":"closed","ping_status":"closed","template":"","meta":{"jetpack_post_was_ever_published":false,"footnotes":""},"class_list":["post-94","page","type-page","status-publish","hentry"],"jetpack_sharing_enabled":true,"jetpack_shortlink":"https:\/\/wp.me\/P9Ii9F-1w","jetpack_likes_enabled":true,"jetpack-related-posts":[],"_links":{"self":[{"href":"https:\/\/luebbert-architekten.de\/index.php?rest_route=\/wp\/v2\/pages\/94","targetHints":{"allow":["GET"]}}],"collection":[{"href":"https:\/\/luebbert-architekten.de\/index.php?rest_route=\/wp\/v2\/pages"}],"about":[{"href":"https:\/\/luebbert-architekten.de\/index.php?rest_route=\/wp\/v2\/types\/page"}],"author":[{"embeddable":true,"href":"https:\/\/luebbert-architekten.de\/index.php?rest_route=\/wp\/v2\/users\/1"}],"replies":[{"embeddable":true,"href":"https:\/\/luebbert-architekten.de\/index.php?rest_route=%2Fwp%2Fv2%2Fcomments&post=94"}],"version-history":[{"count":1,"href":"https:\/\/luebbert-architekten.de\/index.php?rest_route=\/wp\/v2\/pages\/94\/revisions"}],"predecessor-version":[{"id":95,"href":"https:\/\/luebbert-architekten.de\/index.php?rest_route=\/wp\/v2\/pages\/94\/revisions\/95"}],"up":[{"embeddable":true,"href":"https:\/\/luebbert-architekten.de\/index.php?rest_route=\/wp\/v2\/pages\/31"}],"wp:attachment":[{"href":"https:\/\/luebbert-architekten.de\/index.php?rest_route=%2Fwp%2Fv2%2Fmedia&parent=94"}],"curies":[{"name":"wp","href":"https:\/\/api.w.org\/{rel}","templated":true}]}}