{"id":61,"date":"2014-09-29T16:10:36","date_gmt":"2014-09-29T14:10:36","guid":{"rendered":"http:\/\/luebbert-architekten.de\/?page_id=61"},"modified":"2014-09-29T16:10:42","modified_gmt":"2014-09-29T14:10:42","slug":"wohnhaus-ww","status":"publish","type":"page","link":"https:\/\/luebbert-architekten.de\/?page_id=61","title":{"rendered":"WOHNHAUS WW"},"content":{"rendered":"<div id=\"content_div\">\n<table id=\"content_table\" border=\"0\" cellpadding=\"0\" cellspacing=\"0\">\n<tbody>\n<tr>\n<td id=\"content_td_txt\" valign=\"top\">\n<h2>Wohnhaus WW.<\/h2>\n<p><small>Einfamilienhaus \/ Wolfenb\u00fcttel 1997<\/small><\/p>\n<div id=\"main_txt_div\">Einfamilienhaus f\u00fcr eine vierk\u00f6pfige Familie im Dorfzentrum von Salzdahlum.<\/p>\n<p> L\u00fcbbert  Quibeldey Architekten<\/p><\/div>\n<div id=\"credits\">\n<table cellspacing=\"0\" cellpadding=\"0\" border=\"0\">\n<tbody>\n<tr>\n<td valign=\"top\">Mitarbeit \/&nbsp;<\/td>\n<td>Dipl.-Ing. Klaus L\u00fcbbert <br \/> Architekt J\u00f6rg Quibeldey<\/td>\n<\/tr>\n<\/tbody>\n<\/table>\n<p>Visualisierung \/ Architekt J\u00f6rg Quibeldey<\/div>\n<\/td>\n<td id=\"content_td_img\" rowspan=\"2\"><img loading=\"lazy\" decoding=\"async\" id=\"big\" height=\"395\" width=\"667\" name=\"big\" alt=\"wohhaus_p_BS_01\" src=\"images\/content_img\/wohhaus_ww_01.jpg\" \/><\/td>\n<\/tr>\n<tr>\n<td style=\"border-width: 0px; margin: 0px; padding: 0px; text-align: right; vertical-align: bottom;\" valign=\"bottom\" align=\"right\"><img loading=\"lazy\" decoding=\"async\" onmouseover=\"MM_swapImage('big','','images\/content_img\/wohhaus_ww_01.jpg',0)\" style=\"margin-top: 0px; margin-right: 10px; margin-bottom: 0px; margin-left: 0px;\" id=\"third\" height=\"30\" width=\"30\" name=\"third\" alt=\"wohhaus_ww_01\" src=\"images\/content_img\/wohhaus_ww_01_thumb.jpg\" \/><img loading=\"lazy\" decoding=\"async\" onmouseover=\"MM_swapImage('big','','images\/content_img\/wohhaus_ww_02.jpg',0)\" style=\"margin-top: 0px; margin-right: 10px; margin-bottom: 0px; margin-left: 0px;\" id=\"fourth\" height=\"30\" width=\"30\" name=\"fourth\" alt=\"wohhaus_ww_02\" src=\"images\/content_img\/wohhaus_ww_02.jpg\" \/><img loading=\"lazy\" decoding=\"async\" onmouseover=\"MM_swapImage('big','','images\/content_img\/wohhaus_ww_03.jpg',0)\" style=\"margin-top: 0px; margin-right: 10px; margin-bottom: 0px; margin-left: 0px;\" id=\"fourth\" height=\"30\" width=\"30\" name=\"fourth\" alt=\"wohhaus_ww_03\" src=\"images\/content_img\/wohhaus_ww_03.jpg\" \/><img loading=\"lazy\" decoding=\"async\" onmouseover=\"MM_swapImage('big','','images\/content_img\/wohhaus_ww_04.jpg',0)\" style=\"margin-top: 0px; margin-right: 10px; margin-bottom: 0px; margin-left: 0px;\" id=\"fourth\" height=\"30\" width=\"30\" name=\"fourth\" alt=\"wohhaus_ww_04\" src=\"images\/content_img\/wohhaus_ww_04_thumb.jpg\" \/><img loading=\"lazy\" decoding=\"async\" onmouseover=\"MM_swapImage('big','','images\/content_img\/wohhaus_ww_05.jpg',0)\" style=\"margin-top: 0px; margin-right: 10px; margin-bottom: 0px; margin-left: 0px;\" id=\"fourth\" height=\"30\" width=\"30\" name=\"fourth\" alt=\"wohhaus_ww_05\" src=\"images\/content_img\/wohhaus_ww_05_thumb.jpg\" \/><img loading=\"lazy\" decoding=\"async\" onmouseover=\"MM_swapImage('big','','images\/content_img\/wohhaus_ww_06.jpg',0)\" style=\"margin-top: 0px; margin-right: 10px; margin-bottom: 0px; margin-left: 0px;\" id=\"fourth\" height=\"30\" width=\"30\" name=\"fourth\" alt=\"wohhaus_ww_06\" src=\"images\/content_img\/wohhaus_ww_06_thumb.jpg\" \/><img loading=\"lazy\" decoding=\"async\" onmouseover=\"MM_swapImage('big','','images\/content_img\/wohhaus_ww_07.jpg',0)\" style=\"margin-top: 0px; margin-right: 10px; margin-bottom: 0px; margin-left: 0px;\" id=\"fourth\" height=\"30\" width=\"30\" name=\"fourth\" alt=\"wohhaus_ww_07\" src=\"images\/content_img\/wohhaus_ww_07.jpg\" \/><\/td>\n<\/tr>\n<\/tbody>\n<\/table>\n<\/div>\n","protected":false},"excerpt":{"rendered":"<p>Wohnhaus WW. Einfamilienhaus \/ Wolfenb\u00fcttel 1997 Einfamilienhaus f\u00fcr eine vierk\u00f6pfige Familie im Dorfzentrum von Salzdahlum. L\u00fcbbert Quibeldey Architekten Mitarbeit \/&nbsp; Dipl.-Ing. Klaus L\u00fcbbert Architekt J\u00f6rg Quibeldey Visualisierung \/ Architekt J\u00f6rg Quibeldey<\/p>\n","protected":false},"author":1,"featured_media":0,"parent":22,"menu_order":3,"comment_status":"open","ping_status":"open","template":"","meta":{"jetpack_post_was_ever_published":false,"footnotes":""},"class_list":["post-61","page","type-page","status-publish","hentry"],"jetpack_sharing_enabled":true,"jetpack_shortlink":"https:\/\/wp.me\/P9Ii9F-Z","jetpack_likes_enabled":true,"jetpack-related-posts":[],"_links":{"self":[{"href":"https:\/\/luebbert-architekten.de\/index.php?rest_route=\/wp\/v2\/pages\/61","targetHints":{"allow":["GET"]}}],"collection":[{"href":"https:\/\/luebbert-architekten.de\/index.php?rest_route=\/wp\/v2\/pages"}],"about":[{"href":"https:\/\/luebbert-architekten.de\/index.php?rest_route=\/wp\/v2\/types\/page"}],"author":[{"embeddable":true,"href":"https:\/\/luebbert-architekten.de\/index.php?rest_route=\/wp\/v2\/users\/1"}],"replies":[{"embeddable":true,"href":"https:\/\/luebbert-architekten.de\/index.php?rest_route=%2Fwp%2Fv2%2Fcomments&post=61"}],"version-history":[{"count":1,"href":"https:\/\/luebbert-architekten.de\/index.php?rest_route=\/wp\/v2\/pages\/61\/revisions"}],"predecessor-version":[{"id":62,"href":"https:\/\/luebbert-architekten.de\/index.php?rest_route=\/wp\/v2\/pages\/61\/revisions\/62"}],"up":[{"embeddable":true,"href":"https:\/\/luebbert-architekten.de\/index.php?rest_route=\/wp\/v2\/pages\/22"}],"wp:attachment":[{"href":"https:\/\/luebbert-architekten.de\/index.php?rest_route=%2Fwp%2Fv2%2Fmedia&parent=61"}],"curies":[{"name":"wp","href":"https:\/\/api.w.org\/{rel}","templated":true}]}}

<div id="content_div">
<table id="content_table" border="0" cellpadding="0" cellspacing="0">
<tbody>
<tr>
<td id="content_td_txt" valign="top">
<h2>Wohnhaus WW.</h2>
<p><small>Einfamilienhaus / Wolfenbüttel 1997</small></p>
<div id="main_txt_div">Einfamilienhaus für eine vierköpfige Familie im Dorfzentrum von Salzdahlum.</p>
<p> Lübbert  Quibeldey Architekten</p></div>
<div id="credits">
<table cellspacing="0" cellpadding="0" border="0">
<tbody>
<tr>
<td valign="top">Mitarbeit /&nbsp;</td>
<td>Dipl.-Ing. Klaus Lübbert <br /> Architekt Jörg Quibeldey</td>
</tr>
</tbody>
</table>
<p>Visualisierung / Architekt Jörg Quibeldey</div>
</td>
<td id="content_td_img" rowspan="2"><img loading="lazy" decoding="async" id="big" height="395" width="667" name="big" alt="wohhaus_p_BS_01" src="images/content_img/wohhaus_ww_01.jpg" /></td>
</tr>
<tr>
<td style="border-width: 0px; margin: 0px; padding: 0px; text-align: right; vertical-align: bottom;" valign="bottom" align="right"><img loading="lazy" decoding="async" onmouseover="MM_swapImage('big','','images/content_img/wohhaus_ww_01.jpg',0)" style="margin-top: 0px; margin-right: 10px; margin-bottom: 0px; margin-left: 0px;" id="third" height="30" width="30" name="third" alt="wohhaus_ww_01" src="images/content_img/wohhaus_ww_01_thumb.jpg" /><img loading="lazy" decoding="async" onmouseover="MM_swapImage('big','','images/content_img/wohhaus_ww_02.jpg',0)" style="margin-top: 0px; margin-right: 10px; margin-bottom: 0px; margin-left: 0px;" id="fourth" height="30" width="30" name="fourth" alt="wohhaus_ww_02" src="images/content_img/wohhaus_ww_02.jpg" /><img loading="lazy" decoding="async" onmouseover="MM_swapImage('big','','images/content_img/wohhaus_ww_03.jpg',0)" style="margin-top: 0px; margin-right: 10px; margin-bottom: 0px; margin-left: 0px;" id="fourth" height="30" width="30" name="fourth" alt="wohhaus_ww_03" src="images/content_img/wohhaus_ww_03.jpg" /><img loading="lazy" decoding="async" onmouseover="MM_swapImage('big','','images/content_img/wohhaus_ww_04.jpg',0)" style="margin-top: 0px; margin-right: 10px; margin-bottom: 0px; margin-left: 0px;" id="fourth" height="30" width="30" name="fourth" alt="wohhaus_ww_04" src="images/content_img/wohhaus_ww_04_thumb.jpg" /><img loading="lazy" decoding="async" onmouseover="MM_swapImage('big','','images/content_img/wohhaus_ww_05.jpg',0)" style="margin-top: 0px; margin-right: 10px; margin-bottom: 0px; margin-left: 0px;" id="fourth" height="30" width="30" name="fourth" alt="wohhaus_ww_05" src="images/content_img/wohhaus_ww_05_thumb.jpg" /><img loading="lazy" decoding="async" onmouseover="MM_swapImage('big','','images/content_img/wohhaus_ww_06.jpg',0)" style="margin-top: 0px; margin-right: 10px; margin-bottom: 0px; margin-left: 0px;" id="fourth" height="30" width="30" name="fourth" alt="wohhaus_ww_06" src="images/content_img/wohhaus_ww_06_thumb.jpg" /><img loading="lazy" decoding="async" onmouseover="MM_swapImage('big','','images/content_img/wohhaus_ww_07.jpg',0)" style="margin-top: 0px; margin-right: 10px; margin-bottom: 0px; margin-left: 0px;" id="fourth" height="30" width="30" name="fourth" alt="wohhaus_ww_07" src="images/content_img/wohhaus_ww_07.jpg" /></td>
</tr>
</tbody>
</table>
</div>

<p>Wohnhaus WW. Einfamilienhaus / Wolfenbüttel 1997 Einfamilienhaus für eine vierköpfige Familie im Dorfzentrum von Salzdahlum. Lübbert Quibeldey Architekten Mitarbeit /&nbsp; Dipl.-Ing. Klaus Lübbert Architekt Jörg Quibeldey Visualisierung / Architekt Jörg Quibeldey</p>
