{"id":107,"date":"2014-09-29T17:12:31","date_gmt":"2014-09-29T15:12:31","guid":{"rendered":"http:\/\/luebbert-architekten.de\/?page_id=107"},"modified":"2014-09-29T17:13:08","modified_gmt":"2014-09-29T15:13:08","slug":"mittelstrasse","status":"publish","type":"page","link":"https:\/\/luebbert-architekten.de\/?page_id=107","title":{"rendered":"MITTELSTRASSE"},"content":{"rendered":"<div id=\"content_div\">\n<table id=\"content_table\" border=\"0\" cellpadding=\"0\" cellspacing=\"0\">\n<tbody>\n<tr>\n<td id=\"content_td_txt\" valign=\"top\">\n<h2>Wohngeb\u00e4ude<\/h2>\n<p><small>Wittd\u00fcn \/ Amrum 2009<\/small><\/p>\n<div id=\"main_txt_div\">Neubau f\u00fcr ein Wohngeb\u00e4ude mit 10 Wohneinheiten in der Mittelstra\u00dfe  in Wittd\u00fcn auf Amrum<\/p>\n<p>L\u00fcbbert Architekten<\/p><\/div>\n<div id=\"credits\">\n<table border=\"0\" cellpadding=\"0\" cellspacing=\"0\">\n<tbody>\n<tr>\n<td valign=\"top\">Mitarbeit \/&nbsp;<\/td>\n<td>Dipl.-Ing. Klaus L\u00fcbbert <br \/> Dipl.-Ing. Martin Brech<\/td>\n<\/tr>\n<\/tbody>\n<\/table>\n<p> Visualisierung \/&nbsp;Moritz Seifert&nbsp;<\/p>\n<p>Bauherr \/&nbsp;Rainer Penning<\/p><\/div>\n<\/td>\n<td id=\"content_td_img\" rowspan=\"2\"><img loading=\"lazy\" decoding=\"async\" id=\"big\" height=\"395\" width=\"667\" name=\"big\" alt=\"mittelstr_06\" src=\"images\/content_img\/mittelstr_06.jpg\" \/><\/td>\n<\/tr>\n<tr>\n<td style=\"border-width: 0px; margin: 0px; padding: 0px; text-align: right; vertical-align: bottom;\" valign=\"bottom\" align=\"right\"><img loading=\"lazy\" decoding=\"async\" onmouseover=\"MM_swapImage('big','','images\/content_img\/mittelstr_01.jpg',0)\" style=\"margin-top: 0px; margin-right: 10px; margin-bottom: 0px; margin-left: 10px;\" id=\"first\" height=\"30\" width=\"30\" name=\"first\" alt=\"mittelstr_01\" src=\"images\/content_img\/mittelstr_01.jpg\" \/><img loading=\"lazy\" decoding=\"async\" onmouseover=\"MM_swapImage('big','','images\/content_img\/mittelstr_02.jpg',0)\" style=\"margin-top: 0px; margin-right: 10px; margin-bottom: 0px; margin-left: 0px;\" id=\"second\" height=\"30\" width=\"30\" name=\"second\" alt=\"mittelstr_02\" src=\"images\/content_img\/mittelstr_02.jpg\" \/><img loading=\"lazy\" decoding=\"async\" onmouseover=\"MM_swapImage('big','','images\/content_img\/mittelstr_03.jpg',0)\" style=\"margin-top: 0px; margin-right: 10px; margin-bottom: 0px; margin-left: 0px;\" id=\"third\" height=\"30\" width=\"30\" name=\"third\" alt=\"mittelstr_03\" src=\"images\/content_img\/mittelstr_03.jpg\" \/><img loading=\"lazy\" decoding=\"async\" onmouseover=\"MM_swapImage('big','','images\/content_img\/mittelstr_04.jpg',0)\" style=\"margin-top: 0px; margin-right: 10px; margin-bottom: 0px; margin-left: 0px;\" id=\"fourth\" height=\"30\" width=\"30\" name=\"fourth\" alt=\"mittelstr_04\" src=\"images\/content_img\/mittelstr_04.jpg\" \/><br \/><img loading=\"lazy\" decoding=\"async\" onmouseover=\"MM_swapImage('big','','images\/content_img\/mittelstr_05.jpg',0)\" style=\"margin-top: 10px; margin-right: 10px; margin-bottom: 0px; margin-left: 0px;\" id=\"fourth\" height=\"30\" width=\"30\" name=\"fourth\" alt=\"mittelstr_05\" src=\"images\/content_img\/mittelstr_05.jpg\" \/><img loading=\"lazy\" decoding=\"async\" onmouseover=\"MM_swapImage('big','','images\/content_img\/mittelstr_06.jpg',0)\" style=\"margin-top: 10px; margin-right: 10px; margin-bottom: 0px; margin-left: 0px;\" id=\"fourth\" height=\"30\" width=\"30\" name=\"fourth\" alt=\"mittelstr_06\" src=\"images\/content_img\/mittelstr_06.jpg\" \/><img loading=\"lazy\" decoding=\"async\" onmouseover=\"MM_swapImage('big','','images\/content_img\/mittelstr_07.jpg',0)\" style=\"margin-top: 10px; margin-right: 10px; margin-bottom: 0px; margin-left: 0px;\" id=\"fourth\" height=\"30\" width=\"30\" name=\"fourth\" alt=\"mittelstr_07\" src=\"images\/content_img\/mittelstr_07_thumb.jpg\" \/><img loading=\"lazy\" decoding=\"async\" onmouseover=\"MM_swapImage('big','','images\/content_img\/mittelstr_08.jpg',0)\" style=\"margin-top: 10px; margin-right: 10px; margin-bottom: 0px; margin-left: 0px;\" id=\"first\" height=\"30\" width=\"30\" name=\"first\" alt=\"mittelstr_08\" src=\"images\/content_img\/mittelstr_08.jpg\" \/><img loading=\"lazy\" decoding=\"async\" onmouseover=\"MM_swapImage('big','','images\/content_img\/mittelstr_09.jpg',0)\" style=\"margin-top: 10px; margin-right: 10px; margin-bottom: 0px; margin-left: 0px;\" id=\"second\" height=\"30\" width=\"30\" name=\"second\" alt=\"mittelstr_09\" src=\"images\/content_img\/mittelstr_09_thumb.jpg\" \/><img loading=\"lazy\" decoding=\"async\" onmouseover=\"MM_swapImage('big','','images\/content_img\/mittelstr_10.jpg',0)\" style=\"margin-top: 10px; margin-right: 10px; margin-bottom: 0px; margin-left: 0px;\" id=\"third\" height=\"30\" width=\"30\" name=\"third\" alt=\"mittelstr_10\" src=\"images\/content_img\/mittelstr_10.jpg\" \/><img loading=\"lazy\" decoding=\"async\" onmouseover=\"MM_swapImage('big','','images\/content_img\/mittelstr_11.jpg',0)\" style=\"margin-top: 10px; margin-right: 10px; margin-bottom: 0px; margin-left: 0px;\" id=\"fourth\" height=\"30\" width=\"30\" name=\"fourth\" alt=\"mittelstr_11\" src=\"images\/content_img\/mittelstr_11_thumb.jpg\" \/><\/td>\n<\/tr>\n<\/tbody>\n<\/table>\n<\/div>\n","protected":false},"excerpt":{"rendered":"<p>Wohngeb\u00e4ude Wittd\u00fcn \/ Amrum 2009 Neubau f\u00fcr ein Wohngeb\u00e4ude mit 10 Wohneinheiten in der Mittelstra\u00dfe in Wittd\u00fcn auf Amrum L\u00fcbbert Architekten Mitarbeit \/&nbsp; Dipl.-Ing. Klaus L\u00fcbbert Dipl.-Ing. Martin Brech Visualisierung \/&nbsp;Moritz Seifert&nbsp; Bauherr \/&nbsp;Rainer Penning<\/p>\n","protected":false},"author":1,"featured_media":0,"parent":31,"menu_order":7,"comment_status":"open","ping_status":"open","template":"","meta":{"jetpack_post_was_ever_published":false,"footnotes":""},"class_list":["post-107","page","type-page","status-publish","hentry"],"jetpack_sharing_enabled":true,"jetpack_shortlink":"https:\/\/wp.me\/P9Ii9F-1J","jetpack_likes_enabled":true,"jetpack-related-posts":[],"_links":{"self":[{"href":"https:\/\/luebbert-architekten.de\/index.php?rest_route=\/wp\/v2\/pages\/107","targetHints":{"allow":["GET"]}}],"collection":[{"href":"https:\/\/luebbert-architekten.de\/index.php?rest_route=\/wp\/v2\/pages"}],"about":[{"href":"https:\/\/luebbert-architekten.de\/index.php?rest_route=\/wp\/v2\/types\/page"}],"author":[{"embeddable":true,"href":"https:\/\/luebbert-architekten.de\/index.php?rest_route=\/wp\/v2\/users\/1"}],"replies":[{"embeddable":true,"href":"https:\/\/luebbert-architekten.de\/index.php?rest_route=%2Fwp%2Fv2%2Fcomments&post=107"}],"version-history":[{"count":2,"href":"https:\/\/luebbert-architekten.de\/index.php?rest_route=\/wp\/v2\/pages\/107\/revisions"}],"predecessor-version":[{"id":109,"href":"https:\/\/luebbert-architekten.de\/index.php?rest_route=\/wp\/v2\/pages\/107\/revisions\/109"}],"up":[{"embeddable":true,"href":"https:\/\/luebbert-architekten.de\/index.php?rest_route=\/wp\/v2\/pages\/31"}],"wp:attachment":[{"href":"https:\/\/luebbert-architekten.de\/index.php?rest_route=%2Fwp%2Fv2%2Fmedia&parent=107"}],"curies":[{"name":"wp","href":"https:\/\/api.w.org\/{rel}","templated":true}]}}

<div id="content_div">
<table id="content_table" border="0" cellpadding="0" cellspacing="0">
<tbody>
<tr>
<td id="content_td_txt" valign="top">
<h2>Wohngebäude</h2>
<p><small>Wittdün / Amrum 2009</small></p>
<div id="main_txt_div">Neubau für ein Wohngebäude mit 10 Wohneinheiten in der Mittelstraße  in Wittdün auf Amrum</p>
<p>Lübbert Architekten</p></div>
<div id="credits">
<table border="0" cellpadding="0" cellspacing="0">
<tbody>
<tr>
<td valign="top">Mitarbeit /&nbsp;</td>
<td>Dipl.-Ing. Klaus Lübbert <br /> Dipl.-Ing. Martin Brech</td>
</tr>
</tbody>
</table>
<p> Visualisierung /&nbsp;Moritz Seifert&nbsp;</p>
<p>Bauherr /&nbsp;Rainer Penning</p></div>
</td>
<td id="content_td_img" rowspan="2"><img loading="lazy" decoding="async" id="big" height="395" width="667" name="big" alt="mittelstr_06" src="images/content_img/mittelstr_06.jpg" /></td>
</tr>
<tr>
<td style="border-width: 0px; margin: 0px; padding: 0px; text-align: right; vertical-align: bottom;" valign="bottom" align="right"><img loading="lazy" decoding="async" onmouseover="MM_swapImage('big','','images/content_img/mittelstr_01.jpg',0)" style="margin-top: 0px; margin-right: 10px; margin-bottom: 0px; margin-left: 10px;" id="first" height="30" width="30" name="first" alt="mittelstr_01" src="images/content_img/mittelstr_01.jpg" /><img loading="lazy" decoding="async" onmouseover="MM_swapImage('big','','images/content_img/mittelstr_02.jpg',0)" style="margin-top: 0px; margin-right: 10px; margin-bottom: 0px; margin-left: 0px;" id="second" height="30" width="30" name="second" alt="mittelstr_02" src="images/content_img/mittelstr_02.jpg" /><img loading="lazy" decoding="async" onmouseover="MM_swapImage('big','','images/content_img/mittelstr_03.jpg',0)" style="margin-top: 0px; margin-right: 10px; margin-bottom: 0px; margin-left: 0px;" id="third" height="30" width="30" name="third" alt="mittelstr_03" src="images/content_img/mittelstr_03.jpg" /><img loading="lazy" decoding="async" onmouseover="MM_swapImage('big','','images/content_img/mittelstr_04.jpg',0)" style="margin-top: 0px; margin-right: 10px; margin-bottom: 0px; margin-left: 0px;" id="fourth" height="30" width="30" name="fourth" alt="mittelstr_04" src="images/content_img/mittelstr_04.jpg" /><br /><img loading="lazy" decoding="async" onmouseover="MM_swapImage('big','','images/content_img/mittelstr_05.jpg',0)" style="margin-top: 10px; margin-right: 10px; margin-bottom: 0px; margin-left: 0px;" id="fourth" height="30" width="30" name="fourth" alt="mittelstr_05" src="images/content_img/mittelstr_05.jpg" /><img loading="lazy" decoding="async" onmouseover="MM_swapImage('big','','images/content_img/mittelstr_06.jpg',0)" style="margin-top: 10px; margin-right: 10px; margin-bottom: 0px; margin-left: 0px;" id="fourth" height="30" width="30" name="fourth" alt="mittelstr_06" src="images/content_img/mittelstr_06.jpg" /><img loading="lazy" decoding="async" onmouseover="MM_swapImage('big','','images/content_img/mittelstr_07.jpg',0)" style="margin-top: 10px; margin-right: 10px; margin-bottom: 0px; margin-left: 0px;" id="fourth" height="30" width="30" name="fourth" alt="mittelstr_07" src="images/content_img/mittelstr_07_thumb.jpg" /><img loading="lazy" decoding="async" onmouseover="MM_swapImage('big','','images/content_img/mittelstr_08.jpg',0)" style="margin-top: 10px; margin-right: 10px; margin-bottom: 0px; margin-left: 0px;" id="first" height="30" width="30" name="first" alt="mittelstr_08" src="images/content_img/mittelstr_08.jpg" /><img loading="lazy" decoding="async" onmouseover="MM_swapImage('big','','images/content_img/mittelstr_09.jpg',0)" style="margin-top: 10px; margin-right: 10px; margin-bottom: 0px; margin-left: 0px;" id="second" height="30" width="30" name="second" alt="mittelstr_09" src="images/content_img/mittelstr_09_thumb.jpg" /><img loading="lazy" decoding="async" onmouseover="MM_swapImage('big','','images/content_img/mittelstr_10.jpg',0)" style="margin-top: 10px; margin-right: 10px; margin-bottom: 0px; margin-left: 0px;" id="third" height="30" width="30" name="third" alt="mittelstr_10" src="images/content_img/mittelstr_10.jpg" /><img loading="lazy" decoding="async" onmouseover="MM_swapImage('big','','images/content_img/mittelstr_11.jpg',0)" style="margin-top: 10px; margin-right: 10px; margin-bottom: 0px; margin-left: 0px;" id="fourth" height="30" width="30" name="fourth" alt="mittelstr_11" src="images/content_img/mittelstr_11_thumb.jpg" /></td>
</tr>
</tbody>
</table>
</div>

<p>Wohngebäude Wittdün / Amrum 2009 Neubau für ein Wohngebäude mit 10 Wohneinheiten in der Mittelstraße in Wittdün auf Amrum Lübbert Architekten Mitarbeit /&nbsp; Dipl.-Ing. Klaus Lübbert Dipl.-Ing. Martin Brech Visualisierung /&nbsp;Moritz Seifert&nbsp; Bauherr /&nbsp;Rainer Penning</p>
